1.
3, 37, 1627, 3697
What are the prime factors of 320117381?
23, 41, 339467
List the prime factors of 4813325887.
31, 359, 432503
List the prime factors of 19223289.
3, 2135921
What are the prime factors of 9783195?
3, 5, 19, 34327
List the prime factors of 384698783.
7, 269, 204301
What are the prime factors of 6436104?
2, 3, 268171
List the prime factors of 26046294.
2, 3, 4341049
What are the prime factors of 724419766?
2, 7, 51744269
What are the prime factors of 82631860?
2, 5, 59, 239, 293
What are the prime factors of 331451131?
11, 30131921
List the prime factors of 71428002.
2, 3, 1361, 8747
List the prime factors of 3403710780.
2, 3, 5, 1609, 35257
List the prime factors of 1548257104.
2, 19, 29, 61, 2879
List the prime factors of 513999379.
47, 1789, 6113
List the prime factors of 1496320735.
5, 7, 13, 1249, 2633
What are the prime factors of 140662363?
5147, 27329
List the prime factors of 158492999.
7, 3234551
List the prime factors of 1104673118.
2, 23, 24014633
List the prime factors of 55029828.
2, 3, 7, 71, 9227
What are the prime factors of 7225592?
2, 11, 47, 1747
List the prime factors of 17166244.
2, 277, 15493
What are the prime factors of 1453182799?
1453182799
List the prime factors of 713570045.
5, 9227, 15467
What are the prime factors of 69071079?
3, 7, 11, 103, 2903
List the prime factors of 111948138.
2, 3, 181, 34361
List the prime factors of 53740732.
2, 31, 433393
What are the prime factors of 4731991701?
3, 17, 103, 900817
What are the prime factors of 19886504?
2, 11, 225983
What are the prime factors of 854827058?
2, 37, 631, 18307
List the prime factors of 13477471.
7, 23, 97, 863
List the prime factors of 8108343.
3, 100103
List the prime factors of 6149789872.
2, 179, 2147273
List the prime factors of 58027196.
2, 433, 33503
List the prime factors of 534320192.
2, 7, 1192679
List the prime factors of 81400908.
2, 3, 41, 165449
List the prime factors of 1197267793.
37, 32358589
List the prime factors of 34847592.
2, 3, 13, 61, 1831
List the prime factors of 67343528.
2, 7, 17, 127, 557
What are the prime factors of 66707436?
2, 3, 5558953
List the prime factors of 2093856650.
2, 5, 523, 80071
List the prime factors of 3719567672.
2, 37, 937, 13411
List the prime factors of 115931429.
115931429
List the prime factors of 45491210.
2, 5, 4549121
What are the prime factors of 110325613?
110325613
List the prime factors of 87610905.
3, 5, 1946909
What are the prime factors of 23343960?
2, 3, 5, 47, 4139
List the prime factors of 105356971.
29, 71, 51169
List the prime factors of 153135027.
3, 17015003
What are the prime factors of 1250201504?
2, 47, 59, 73, 193
List the prime factors of 902607177.
3, 313, 961243
List the prime factors of 41895452.
2, 353, 29671
List the prime factors of 714120251.
13, 53, 1036459
What are the prime factors of 261285936?
2, 3, 61, 89237
What are the prime factors of 1695675606?
2, 3, 282612601
List the prime factors of 209398698.
2, 3, 11633261
What are the prime factors of 145855269?
3, 7, 43, 131, 137
What are the prime factors of 5786513?
79, 89, 823
List the prime factors of 19338663.
3, 6446221
What are the prime factors of 2835420?
2, 3, 5, 7, 43, 157
List the prime factors of 626308075.
5, 25052323
List the prime factors of 558155131.
467, 1195193
What are the prime factors of 21454023?
3, 7151341
List the prime factors of 2458538498.
2, 13, 6317, 14969
List the prime factors of 311556248.
2, 89, 467, 937
What are the prime factors of 2395463458?
2, 41, 29212969
List the prime factors of 200466287.
7, 131, 218611
List the prime factors of 103813946.
2, 3331, 15583
List the prime factors of 5939534871.
3, 73327591
List the prime factors of 303331111.
191, 1588121
What are the prime factors of 6763953418?
2, 3381976709
What are the prime factors of 3880897761?
3, 13, 677, 146987
What are the prime factors of 661007002?
2, 41, 8061061
List the prime factors of 800376211.
41, 193, 2467
List the prime factors of 877074454.
2, 438537227
List the prime factors of 25951948.
2, 11, 19, 37, 839
What are the prime factors of 13177701?
3, 449, 1087
What are the prime factors of 1152627757?
61, 18895537
What are the prime factors of 3954759180?
2, 3, 5, 19, 457, 7591
List the prime factors of 375148941.
3, 125049647
What are the prime factors of 125989723?
101, 421, 2963
List the prime factors of 323444812.
2, 163, 431, 1151
What are the prime factors of 401928057?
3, 181, 251, 983
List the prime factors of 378385094.
2, 189192547
List the prime factors of 111268228.
2, 27817057
List the prime factors of 22903177.
11, 2082107
List the prime factors of 26971507.
19, 947, 1499
List the prime factors of 12513800.
2, 5, 13, 4813
What are the prime factors of 100124094?
2, 3, 7, 2383907
What are the prime factors of 158500833?
3, 503, 105037
List the prime factors of 45301995.
3, 5, 1006711
List the prime factors of 609245969.
173, 3521653
What are the prime factors of 2419886529?
3, 359, 421, 593
List the prime factors of 3990970.
2, 5, 399097
List the prime factors of 528304564.
2, 132076141
What are the prime factors of 21917390?
2, 5, 11, 23, 8663
List the prime factors of 29083992.
2, 3, 7, 233, 743
What are the prime factors of 102684986?
2, 51342493
List the prime factors of 6031290619.
179, 4283, 7867
List the prime factors of 28790119.
28790119
What are the prime factors of 258069337?
467, 552611
What are the prime factors of 149181458?
2, 74590729
What are the prime factors of 877385790?
2, 3, 5, 751, 4327
List the prime factors of 1012934520.
2, 3, 5, 13, 41, 5279
List the prime factors of 22334330.
2, 5, 2233433
What are the prime factors of 79913234?
2, 39956617
What are the prime factors of 48370239?
3, 193, 27847
List the prime factors of 39033930.
2, 3, 5, 13, 7699
What are the prime factors of 563373603?
3, 13, 1605053
List the prime factors of 135362270.
2, 5, 19, 712433
List the prime factors of 35817312.
2, 3, 509, 733
List the prime factors of 2205820704.
2, 3, 23, 347, 2879
List the prime factors of 534186903.
3, 17, 149, 70297
What are the prime factors of 1659994799?
1659994799
What are the prime factors of 2747949360?
2, 3, 5, 13, 17, 103, 503
What are the prime factors of 142026140?
2, 5, 19, 373753
What are the prime factors of 1533498075?
3, 5, 19, 39857
List the prime factors of 3071946.
2, 3, 511991
What are the prime factors of 2802689710?
2, 5, 769, 364459
List the prime factors of 950338052.
2, 4663, 50951
List the prime factors of 89569049.
89569049
What are the prime factors of 309721197?
3, 23, 4488713
List the prime factors of 3462678370.
2, 5, 19, 41, 337, 1319
List the prime factors of 391858231.
37, 509, 20807
List the prime factors of 80452133.
80452133
List the prime factors of 891013002.
2, 3, 11, 223, 60539
What are the prime factors of 162864632?
2, 7, 61, 139
What are the prime factors of 10986204?
2, 3, 733, 1249
List the prime factors of 814814763.
3, 7, 38800703
List the prime factors of 1188004882.
2, 151, 3933791
What are the prime factors of 69461035?
5, 7, 23, 86287
List the prime factors of 2388136677.
3, 31, 67, 383267
List the prime factors of 1378241109.
3, 7, 179, 40739
List the prime factors of 13144415.
5, 79, 107, 311
What are the prime factors of 466212294?
2, 3, 29, 463, 643
List the prime factors of 20096374.
2, 101, 99487
What are the prime factors of 91894416?
2, 3, 31, 61757
What are the prime factors of 315207626?
2, 673, 234181
What are the prime factors of 334624272?
2, 3, 29, 421, 571
What are the prime factors of 829988792?
2, 31, 47, 2297
What are the prime factors of 639518020?
2, 5, 227, 140863
List the prime factors of 45216784.
2, 73, 38713
List the prime factors of 312605273.
312605273
What are the prime factors of 1953444858?
2, 3, 107, 3042749
What are the prime factors of 282650993?
17, 941, 17669
List the prime factors of 111169593.
3, 12352177
List the prime factors of 30033936.
2, 3, 37, 1879
What are the prime factors of 20867167?
229, 293, 311
What are the prime factors of 109931398?
2, 23, 2389813
List the prime factors of 312883352.
2, 23, 727, 2339
List the prime factors of 515894820.
2, 3, 5, 7, 59, 109, 191
List the prime factors of 74020837.
11, 71, 94777
What are the prime factors of 85357047?